. Suppose 2*f = -5*r - 218, 2*f = -r - 58 + l. Let m = 138 + r. What are the prime factors of m?
2, 3
Let c(g) = 154*g**2 + g - 5 + 4 + g - 4*g. Let f be c(-1). Let a = 42 + f. What are the prime factors of a?
197
Suppose -b = -7*b + 18. Suppose -r + 5*y + 47 = 0, -15 = -2*r - b*y + 27. What are the prime factors of r?
3
Suppose y + 20143 = -5*g + 104575, -5*y = g - 16896. Suppose 38*m = -g + 63816. List the prime factors of m.
5, 13, 19
Suppose -455069 = 17*s - 68*s + 32*s. List the prime factors of s.
43, 557
Let y = -5268 + 9149. List the prime factors of y.
3881
What are the prime factors of (-6)/4 + 432562/524?
2, 103
Suppose -2*a + 998 = s - 46, 1056 = s + 5*a. Let h = 4 - -2. What are the prime factors of h/(-8) - s/(-16)?
2
Suppose 7*g = 5*g + 820. What are the prime factors of ((-27)/((-1890)/(-616)))/((-4)/g)?
2, 11, 41
Suppose 5*y = -c + 86, 16*y = -4*c + 21*y + 219. Let b = 900 - c. What are the prime factors of b?
839
Suppose -55 + 158 = y. Suppose 6*n - y = -25. Suppose n*p = -120 + 1836. List the prime factors of p.
2, 3, 11
Let k = -25 - -30. Suppose 0 = -k*b - 2*x + 896, -b + 60 + 127 = 3*x. What are the prime factors of b?
2, 89
Let k = -16312 + 25505. List the prime factors of k.
29, 317
Let b be 6/10*(-6)/((-12)/(-10)). Let w be (-58)/(-6) + (-13)/b + -5. List the prime factors of (-10)/(-2)*9/w.
5
Suppose -b + 3*l + 104 = 0, -7 + 19 = 3*l. Suppose 6 = 2*q, 3*v = 5*q + b + 283. List the prime factors of v.
2, 3, 23
Suppose 23*u + 14010 = -10899. Let a = u - -1597. What are the prime factors of a?
2, 257
Suppose 8 = -y + l - 3*l, -16 = 4*y + 4*l. List the prime factors of -35*(((-96)/(-20))/(-1) + y).
2, 3, 7
Let p = 746 + -517. Suppose p + 90 = a. List the prime factors of a.
11, 29
Let c(d) = -2*d**2 + 17*d + 10. Let k be c(9). Let q(u) = -28*u**3 + 2*u**2 + u - 2. Let b be q(k). What are the prime factors of b/(-2)*(-70)/(-35)?
3
Suppose 21889254 = 632*w + 636990. List the prime factors of w.
3, 11, 1019
Suppose 0 = -9*h + 14*h - 1570. Let d = h + -38. What are the prime factors of d?
2, 3, 23
Let w(d) be the second derivative of 3*d**3/2 + 3*d**2/2 + d. Let g be 11/((-187)/34) - (0 - -2 - 11). What are the prime factors of w(g)?
2, 3, 11
Let i(z) = z**3 + 15*z**2 - 17*z - 17. Let w be i(-16). Let y be -1 - (2*26 - -3)/w. Suppose -7*d = -6*d - y. What are the prime factors of d?
2, 3
Let t(i) = -4*i**2 + 23*i + 68. Let p(x) = 5*x**2 - 23*x - 69. Let m(o) = -2*p(o) - 3*t(o). What are the prime factors of m(-14)?
2, 3
Let i = 3825 - 2256. List the prime factors of i.
3, 523
Suppose -2*n + 4*k + 14408 = -k, 3*k = 4*n - 28774. List the prime factors of n.
7, 13, 79
Let b be 15/13 - 20/130. Let x be (-2 + b/(-2))*-2. Let j(v) = 4*v**2 - 6*v + 16. What are the prime factors of j(x)?
2, 43
Let o be ((-144)/30)/(-4)*(-10)/(-6). Suppose 10 = o*a, 2*w = -3*a + 660 - 1. Suppose 2*q + 5*j = w, 2*j + j + 12 = 0. What are the prime factors of q?
3, 19
Suppose -10*g + 5 = 15. What are the prime factors of 4726/(-17)*g/2?
139
Let v(g) = -23 - 3*g + 6*g + 6*g - g**2 + 14*g. Let a be v(22). What are the prime factors of (-2)/(6/177)*a?
59
Suppose 0 = -4*x - 8, 6*l = l + 3*x - 1869. Let k = l + 553. List the prime factors of k.
2, 89
List the prime factors of (-216746)/(-725)*(-460)/(-12) + 2/(-15).
2, 3, 5, 191
Let i be (14*50/40)/(2/1124). Suppose -12*q + 6341 + i = 0. List the prime factors of q.
2, 337
Let y(b) = -b**3 + 8*b**2 + 7*b + 14. Let s be y(9). Let l(k) = 29*k**2 + 19*k + 10. What are the prime factors of l(s)?
2, 199
Suppose c = -2*q - 1, 0*c = -4*c + 2*q + 26. Suppose -5*n = -c*u - 12 - 13, 0 = -2*n - 5*u + 3. Suppose n*s - 51 = 3*s. List the prime factors of s.
3, 17
Let t(o) = -6*o**2 + 799. Let x be t(0). Suppose -a = 4*a + d - 1000, -d + x = 4*a. List the prime factors of a.
3, 67
Let j be (-1)/(1*-2)*4. Let s(i) = 2*i**3 - 4*i**2 - 32*i + 11. Let h be s(6). Suppose -4*p + h = 5*m - j*m, 3 = -m. List the prime factors of p.
29
Suppose -3*i + 300*d = 301*d - 13231, 0 = -3*i + d + 13241. List the prime factors of i.
2, 1103
Suppose 503*n - 1662297 = 464*n. What are the prime factors of n?
7, 6089
List the prime factors of 0 + 619779/36 + (296/(-96) - -3).
2, 269
Suppose -5*k = o - 2*o, -2*o - 27 = -k. Let b be (-2202)/o + 8/(-10). Suppose 3*l - b = 79. What are the prime factors of l?
3, 5
Suppose -6*p + 2*p + 3*t = -1722, 5*t - 874 = -2*p. Suppose -2*y + 3*f + 42 = -p, 0 = 2*y - 2*f - 478. List the prime factors of y.
3
Let c(t) be the second derivative of 11*t**5/60 + t**4/24 - 3*t**2/2 - 5*t. Let j(a) be the first derivative of c(a). List the prime factors of j(2).
2, 23
Let z = 7 - 4. Suppose z*s - 410 = 382. Suppose 0 = -5*h + 859 - s. What are the prime factors of h?
7, 17
Let i be 4 + 9*(-8)/(-6). List the prime factors of (-522)/4*(3744/(-27))/i.
3, 13, 29
What are the prime factors of ((-35)/(-4))/(680/1728832)?
2, 7, 227
List the prime factors of (-5)/((-5)/(-4)) - (-7 + -2) - -5625.
2, 5, 563
Let g(y) = -3*y**3 - 6*y**2 + 2*y + 19. Let k(m) = 7*m**3 + 12*m**2 - 3*m - 36. Let r(t) = 5*g(t) + 2*k(t). List the prime factors of r(-12).
839
Suppose -3*l + 12 = 5*b - 4*b, -24 = -5*b - 3*l. Suppose -i + 4*z + 0*z - 18 = 0, 0 = b*i + 5*z - 14. Let c = 36 - i. What are the prime factors of c?
2, 19
Suppose -44*s + 16*s = -95200. What are the prime factors of s?
2, 5, 17
Let p(u) = 0*u - 5*u - 9*u - 29 - 9. What are the prime factors of p(-17)?
2, 5
Let x(v) = -1003*v**3 + v**2 - 8*v - 1. What are the prime factors of x(-2)?
3, 7, 383
Let w(c) = 2*c**2 + 31*c + 22. Let q be w(-15). Suppose -q*f = -2696 - 517. List the prime factors of f.
3, 17
Let w(a) = -413*a - 25. Let h(t) = 827*t + 54. Let c(g) = 2*h(g) + 5*w(g). List the prime factors of c(-1).
2, 197
Suppose -23 = -3*k + 4*j, 0*k + 4*k = -3*j + 14. Suppose 2*z - z - 366 = -2*a, k*a = z - 387. Suppose 83*w = 86*w - z. What are the prime factors of w?
2, 31
Let t(q) = q**3 + 2*q**2 - 11*q + 86. Let w = 682 + -675. List the prime factors of t(w).
2, 3, 5
Let z(w) be the third derivative of -w**5/60 - 17*w**4/24 + 5*w**3/2 + 30*w**2. Let x be z(-10). Suppose x*g = 82*g + 582. List the prime factors of g.
2, 97
Let u(f) = -7*f**2 - 68*f + 23. Let o be u(-10). Suppose -4*q + 851 = -o*k, -k - 639 = -3*q + k. List the prime factors of q.
5, 43
Let b(r) = r**3 + 18*r**2 + 7*r - 10. Let y = 2 - 19. What are the prime factors of b(y)?
2, 5
Let w = 93 - 93. Suppose 431 = 2*d - v - 210, -d + v + 323 = w. List the prime factors of d.
2, 3, 53
Let h(g) = -2*g**3 + 9*g**2 - 5*g - 191. List the prime factors of h(-12).
4621
Let d = 9065 + -5527. What are the prime factors of d?
2, 29, 61
Suppose -18186 - 21689 = -25*m. Let f = m + -1107. List the prime factors of f.
2, 61
Suppose -3*n = 4*f + f - 32, 3*n = 12. Suppose 0 = f*y - 0*y - 2*k + 22, 0 = -y + 4*k - 23. List the prime factors of y*(0 + 20/(-6)).
2, 5
Let l = -26109 + 27241. What are the prime factors of l?
2, 283
Suppose -8 = j + 2*r, 5*j - 2*r - r = -53. Let x = j + -10. List the prime factors of (30/x)/(3/(-62)).
31
Suppose 0 = -o - 5*x - 37, -3*o - x = x + 124. Let s be 3/(-6) - o/12. Suppose 2*i + s*i - 270 = 0. List the prime factors of i.
2, 3
Suppose -3*q = -10*r + 12*r - 3860, -2*r = -2*q - 3870. Let u = r + -735. What are the prime factors of u?
2, 599
Let u = 21396 - 11438. List the prime factors of u.
2, 13, 383
Let h be (4/(2/1))/1. Suppose 0 = -4*g - 4*r, 4*g + h*r - 4 + 0 = 0. Suppose -90 = -4*s - 3*p, -g*s - 2*s + 3*p + 78 = 0. What are the prime factors of s?
3, 7
Suppose 4*w + 8*t = 9*t + 3056, -w + 757 = -2*t. Suppose -i + w = 3*c, 2*c + 4 - 2 = 0. What are the prime factors of i?
2, 3
Suppose -a + 5*t + 29800 = 0, -3*t = 4*a - 56641 - 62605. List the prime factors of a.
2, 5, 11, 271
Let r = -11416 - -19635. List the prime factors of r.
8219
Let q(h) = 4*h**2 + 59*h - 123. What are the prime factors of q(43)?
2, 3, 5, 109
Let s(u) = -2*u - 99. Let g be s(-19). Let w = 47 - g. List the prime factors of w.
2, 3
Let a(i) be the first derivative of i**5/5 + 41*i**4/24 + 20*i**3/3 + 27. Let r(f) be the third derivative of a(f). What are the prime factors of r(8)?
233
Suppose -219*c + 73*c + 986821 = -1144779. What are the prime factors of c?
2, 5, 73
Let x(o) = o**2 + 17*o - 3. Let q be 2/((2/(-24))/(40/6